 remainder when 3755274 is divided by 11809.
12
Calculate the remainder when 1871710 is divided by 14073.
1
What is the remainder when 1782832 is divided by 29?
28
What is the remainder when 2273129 is divided by 270?
269
Calculate the remainder when 1898461 is divided by 215.
11
Calculate the remainder when 346806 is divided by 21.
12
Calculate the remainder when 85368 is divided by 85324.
44
Calculate the remainder when 35917 is divided by 8614.
1461
Calculate the remainder when 71467 is divided by 644.
627
Calculate the remainder when 892812 is divided by 296918.
2058
What is the remainder when 2943967 is divided by 1835?
627
What is the remainder when 57014421 is divided by 155?
151
Calculate the remainder when 1037556742 is divided by 21.
19
What is the remainder when 57330398 is divided by 1923?
1922
What is the remainder when 38274 is divided by 1984?
578
What is the remainder when 5277665 is divided by 80?
65
Calculate the remainder when 186046844 is divided by 1152.
1148
Calculate the remainder when 239906 is divided by 119951.
4
Calculate the remainder when 100188305 is divided by 74049.
8
Calculate the remainder when 19392666 is divided by 160.
26
What is the remainder when 453219652 is divided by 1585?
1582
Calculate the remainder when 283827 is divided by 363.
324
What is the remainder when 57776 is divided by 2069?
1913
Calculate the remainder when 2078040 is divided by 415595.
65
Calculate the remainder when 1189766 is divided by 16.
6
Calculate the remainder when 434527 is divided by 14016.
31
What is the remainder when 3420234 is divided by 379991?
315
Calculate the remainder when 697744 is divided by 163.
104
Calculate the remainder when 22982935 is divided by 20.
15
Calculate the remainder when 3519321 is divided by 20.
1
Calculate the remainder when 13994 is divided by 6723.
548
What is the remainder when 28036 is divided by 1031?
199
What is the remainder when 3968770 is divided by 992097?
382
Calculate the remainder when 4167865 is divided by 202.
201
What is the remainder when 16438 is divided by 5424?
166
What is the remainder when 4739571 is divided by 1466?
1459
Calculate the remainder when 2316586 is divided by 2145.
2131
Calculate the remainder when 727792 is divided by 181845.
412
Calculate the remainder when 159937 is divided by 19873.
953
Calculate the remainder when 46747 is divided by 5550.
2347
What is the remainder when 5877541 is divided by 27594?
19
Calculate the remainder when 7710770 is divided by 366.
248
Calculate the remainder when 204024507 is divided by 838.
837
Calculate the remainder when 152206 is divided by 9989.
2371
What is the remainder when 53127708 is divided by 11?
7
What is the remainder when 2653009 is divided by 2652921?
88
Calculate the remainder when 30474406 is divided by 30474370.
36
What is the remainder when 141729659 is divided by 20?
19
What is the remainder when 1993340 is divided by 5663?
5627
Calculate the remainder when 27260915 is divided by 13630452.
11
Calculate the remainder when 72971 is divided by 14261.
1666
What is the remainder when 20431338 is divided by 834?
6
What is the remainder when 69604596 is divided by 382?
376
What is the remainder when 5433696 is divided by 33?
15
Calculate the remainder when 1717629 is divided by 5453.
5387
Calculate the remainder when 1204719 is divided by 301167.
51
What is the remainder when 38936137 is divided by 8230?
7
Calculate the remainder when 13340368 is divided by 333505.
168
Calculate the remainder when 1009253 is divided by 775.
203
What is the remainder when 559971 is divided by 1463?
1105
What is the remainder when 372995 is divided by 405?
395
What is the remainder when 3303904 is divided by 12?
4
Calculate the remainder when 232636 is divided by 12916.
148
What is the remainder when 3905503 is divided by 478?
243
Calculate the remainder when 15424764 is divided by 328186.
22
What is the remainder when 1130857 is divided by 5462?
223
What is the remainder when 664199 is divided by 18449?
35
What is the remainder when 338987104 is divided by 18?
16
What is the remainder when 20048479 is divided by 299231?
2
Calculate the remainder when 1073045601 is divided by 3769.
3763
What is the remainder when 2136916 is divided by 58?
22
Calculate the remainder when 92329 is divided by 30564.
637
Calculate the remainder when 11671431 is divided by 2251.
2247
What is the remainder when 197348 is divided by 2667?
2657
Calculate the remainder when 8232324 is divided by 81508.
16
Calculate the remainder when 1400614 is divided by 61.
54
Calculate the remainder when 1419168 is divided by 998.
12
Calculate the remainder when 1464119 is divided by 22.
19
Calculate the remainder when 12087299 is divided by 50.
49
What is the remainder when 171919095 is divided by 103069?
3
Calculate the remainder when 489893 is divided by 20409.
77
Calculate the remainder when 40166 is divided by 40143.
23
What is the remainder when 3043870 is divided by 623?
515
Calculate the remainder when 794033 is divided by 264592.
257
Calculate the remainder when 4451400 is divided by 1473.
1467
What is the remainder when 109488 is divided by 270?
138
What is the remainder when 19624643 is divided by 244?
211
Calculate the remainder when 7311334 is divided by 101546.
22
Calculate the remainder when 4499542 is divided by 612.
118
Calculate the remainder when 205825 is divided by 68274.
1003
Calculate the remainder when 817766 is divided by 2029.
79
What is the remainder when 78968267 is divided by 21?
14
Calculate the remainder when 221580518 is divided by 52.
42
What is the remainder when 5498666 is divided by 1099730?
16
Calculate the remainder when 145060 is divided by 13576.
9300
What is the remainder when 410718 is divided by 136228?
2034
Calculate the remainder when 1298604 is divided by 648860.
884
What is the remainder when 1158590 is divided by 1158568?
22
Calculate the remainder when 35569 is divided by 7111.
14
What is the remainder when 1543899 is divided by 1547?
1540
Calculate the remainder when 927969 is divided by 29.
27
What is the remainder when 86970 is divided by 919?
584
Calculate the remainder when 24317705 is divided by 13.
9
What is the remainder when 112056 is divided by 291?
21
What is the remainder when 1360782 is divided by 71?
67
What is the remainder when 6704710 is divided by 1272?
1270
What is the remainder when 208363 is divided by 9001?
1340
Calculate the remainder when 2523294 is divided by 1261641.
12
What is the remainder when 233519114 is divided by 15?
14
Calculate the remainder when 24975780 is divided by 58905.
60
Calculate the remainder when 10313510 is divided by 3312.
3254
Calculate the remainder when 1211038 is divided by 322.
318
Calculate the remainder when 4491748 is divided by 253.
239
What is the remainder when 339153 is divided by 4249?
3482
Calculate the remainder when 6950992 is divided by 115.
47
What is the remainder when 775223 is divided by 774981?
242
What is the remainder when 33491793 is divided by 270095?
13
Calculate the remainder when 76035 is divided by 1564.
963
Calculate the remainder when 1086203914 is divided by 1054.
1052
What is the remainder when 2107292 is divided by 187?
176
Calculate the remainder when 1300721 is divided by 266.
247
Calculate the remainder when 758505 is divided by 564.
489
Calculate the remainder when 56612753 is divided by 18.
17
Calculate the remainder when 181644 is divided by 3222.
1212
Calculate the remainder when 359536 is divided by 9196.
892
What is the remainder when 12284 is divided by 819?
818
What is the remainder when 37464 is divided by 33605?
3859
Calculate the remainder when 261069 is divided by 1192.
21
What is the remainder when 29329 is divided by 1506?
715
What is the remainder when 417196 is divided by 138945?
361
What is the remainder when 70150122 is divided by 79?
18
What is the remainder when 84728 is divided by 1172?
344
What is the remainder when 114939540 is divided by 7136?
7124
Calculate the remainder when 10748042 is divided by 102.
98
What is the remainder when 54122196 is divided by 597?
564
Calculate the remainder when 94795980 is divided by 261.
258
Calculate the remainder when 4929893 is divided by 410823.
17
What is the remainder when 1204